{"id":16,"date":"2025-04-27T15:05:37","date_gmt":"2025-04-27T13:05:37","guid":{"rendered":"https:\/\/www.x-on.it\/?page_id=16"},"modified":"2025-06-24T09:15:21","modified_gmt":"2025-06-24T07:15:21","slug":"storia","status":"publish","type":"page","link":"https:\/\/www.x-on.it\/?page_id=16","title":{"rendered":"Azienda"},"content":{"rendered":"<p><section id=\"bt_section69e4969d4c03e\"  class=\"boldSection topSmallSpaced bottomSmallSpaced gutter boxed inherit\" ><div class=\"port\"><div class=\"boldCell\"><div class=\"boldCellInner\"><div class=\"boldRow \" ><div class=\"boldRowInner\"><div class=\"rowItem col-md-12 col-ms-12  btTextLeft\"  data-width=\"12\"><div class=\"rowItemContent\" ><div class=\"btText\" ><\/p>\n<h2>Azienda<\/h2>\n<p>\n<\/div><\/div><\/div><\/div><\/div><\/div><\/div><\/div><\/section><section id=\"bt_section69e4969d4c3ad\"  class=\"boldSection bottomSemiSpaced gutter boxed inherit\" ><div class=\"port\"><div class=\"boldCell\"><div class=\"boldCellInner\"><div class=\"boldRow \" ><div class=\"boldRowInner\"><div class=\"rowItem col-md-4 col-ms-12 btTextLeft\"  data-width=\"4\"><div class=\"rowItemContent\" ><div class=\"bpgPhoto btDefaultHoverType\" ><div class = \"btImage\"><img decoding=\"async\" src=\"https:\/\/www.x-on.it\/wp-content\/uploads\/2025\/06\/slide_azienda-640x414.png\" alt=\"\" title=\"\"><\/div><\/div><\/div><\/div><div class=\"rowItem col-md-8 col-ms-12 btTextLeft\"  data-width=\"8\"><div class=\"rowItemContent\" ><div class=\"btText\" ><\/p>\n<h3>Chi siamo<\/h3>\n<p><b>Una realt\u00e0 al fianco dell\u2019industria<\/b><\/p>\n<p><b>X-On <\/b>con oltre 20 anni di attivit\u00e0, affianca le imprese che cercano un <b>partner competente e affidabile<\/b> per la progettazione di software e sistemi per l&#8217;automazione.<\/p>\n<p>&nbsp;<\/p>\n<h3>Storia<\/h3>\n<p>X-On nasce nel 2003 dall\u2019esperienza pluriennale di Simone Drera, specializzato nell\u2019automazione industriale, con un background solido nella progettazione elettrica e nello sviluppo software per PLC e Scada.<\/p>\n<p><i>\u00ab<\/i><i>Dopo anni impegnato nel collaudo di impianti industriali ed esperienze <\/i><i>maturate presso aziende costruttrici di macchine ad alto contenuto tecnologico, ho scelto di intraprendere un\u2019attivit\u00e0 autonoma, spinto dalla volont\u00e0 di dare forma a nuove idee e affrontare sfide pi\u00f9 ampie.\u00bb<\/i><\/p>\n<p>Nel corso degli anni, X-On ha integrato e sviluppato\u00a0<b>sistemi di automazione<\/b> in numerosi settori produttivi, trattamento termico metalli, agroalimentare, igiene personale, edilizia, navale, meccatronica e green, affrontando sfide tecniche complesse e diversificate.<\/p>\n<p>\n<\/div><\/div><\/div><\/div><\/div><\/div><\/div><\/div><\/section><\/p>\n","protected":false},"excerpt":{"rendered":"","protected":false},"author":1,"featured_media":0,"parent":0,"menu_order":0,"comment_status":"closed","ping_status":"closed","template":"","meta":{"footnotes":""},"class_list":["post-16","page","type-page","status-publish","hentry"],"_links":{"self":[{"href":"https:\/\/www.x-on.it\/index.php?rest_route=\/wp\/v2\/pages\/16","targetHints":{"allow":["GET"]}}],"collection":[{"href":"https:\/\/www.x-on.it\/index.php?rest_route=\/wp\/v2\/pages"}],"about":[{"href":"https:\/\/www.x-on.it\/index.php?rest_route=\/wp\/v2\/types\/page"}],"author":[{"embeddable":true,"href":"https:\/\/www.x-on.it\/index.php?rest_route=\/wp\/v2\/users\/1"}],"replies":[{"embeddable":true,"href":"https:\/\/www.x-on.it\/index.php?rest_route=%2Fwp%2Fv2%2Fcomments&post=16"}],"version-history":[{"count":11,"href":"https:\/\/www.x-on.it\/index.php?rest_route=\/wp\/v2\/pages\/16\/revisions"}],"predecessor-version":[{"id":231,"href":"https:\/\/www.x-on.it\/index.php?rest_route=\/wp\/v2\/pages\/16\/revisions\/231"}],"wp:attachment":[{"href":"https:\/\/www.x-on.it\/index.php?rest_route=%2Fwp%2Fv2%2Fmedia&parent=16"}],"curies":[{"name":"wp","href":"https:\/\/api.w.org\/{rel}","templated":true}]}}